er?
False
Is 1204388909 a prime number?
True
Is 596001073 prime?
False
Is 12336303971 a composite number?
False
Is 1172020961 prime?
True
Is 24183738659 a prime number?
False
Is 4486970809 prime?
False
Is 19640027 a composite number?
True
Is 10659724681 a prime number?
True
Is 22857991367 prime?
True
Is 452283373 composite?
False
Is 19749229 a composite number?
False
Is 1616371109 a prime number?
True
Is 4906097029 composite?
True
Is 1378611419 a prime number?
True
Is 184702709 a prime number?
True
Is 550240417 prime?
True
Is 2275895771 prime?
False
Is 1623308171 prime?
False
Is 577975313 composite?
False
Is 196983757 prime?
True
Is 13827736687 composite?
True
Is 37795269569 a prime number?
True
Is 8016900193 a composite number?
True
Is 385235087 composite?
False
Is 2505744023 a composite number?
False
Is 4889462167 a prime number?
False
Is 1458060771 composite?
True
Is 136852299529 a prime number?
False
Is 10443424847 prime?
False
Is 53689110173 composite?
True
Is 6972924301 a prime number?
False
Is 5836190443 a composite number?
False
Is 14031144691 a prime number?
False
Is 8064046927 a prime number?
False
Is 24461727371 composite?
False
Is 826983853 composite?
True
Is 405440921 prime?
True
Is 10593519971 a composite number?
False
Is 18692309939 composite?
False
Is 18404339549 a composite number?
False
Is 817709951 a prime number?
False
Is 75172628731 a prime number?
False
Is 1099505273 a composite number?
False
Is 13011457031 prime?
False
Is 752745113 a prime number?
True
Is 6516059843 composite?
False
Is 4312962217 composite?
True
Is 5494142293 prime?
False
Is 727992037 prime?
False
Is 19213160123 a prime number?
True
Is 555416887 prime?
True
Is 8931270683 a prime number?
True
Is 9810263773 a composite number?
False
Is 8450955083 a prime number?
True
Is 4245932791 a composite number?
True
Is 220113521 prime?
True
Is 171541553 prime?
False
Is 8333919229 prime?
False
Is 97690080547 a composite number?
False
Is 196185868217 composite?
False
Is 724114687 a composite number?
False
Is 2976110383 a composite number?
False
Is 19912486129 composite?
True
Is 37053085529 composite?
False
Is 3962940301 composite?
True
Is 21374580779 composite?
True
Is 15000732983 prime?
True
Is 6309259267 a composite number?
True
Is 40119567617 composite?
False
Is 3007241 composite?
False
Is 2128830421 composite?
False
Is 39022614535 a composite number?
True
Is 7042409663 composite?
True
Is 224182999 a prime number?
True
Is 4183827671 a prime number?
True
Is 14991410279 prime?
False
Is 16436964059 a prime number?
True
Is 210989390887 a prime number?
False
Is 331037059 a composite number?
True
Is 139004921347 a composite number?
False
Is 103885338143 composite?
False
Is 406083347 prime?
False
Is 100351997027 a composite number?
False
Is 11915714287 a composite number?
True
Is 4913628077 prime?
True
Is 120669272003 a composite number?
True
Is 7662398951 prime?
True
Is 22489629131 composite?
False
Is 15547906603 a composite number?
False
Is 22934382121 a composite number?
True
Is 21739764029 a prime number?
False
Is 544148537 prime?
True
Is 1280181229 a prime number?
False
Is 437152366321 a prime number?
False
Is 29559258437 prime?
True
Is 923773969 a composite number?
False
Is 1333849089 prime?
False
Is 134425129 a prime number?
True
Is 116957603293 prime?
True
Is 4863514181 a prime number?
True
Is 148048284589 a prime number?
False
Is 730567553 a prime number?
False
Is 12860510603 a composite number?
False
Is 4426972345 a prime number?
False
Is 28997313013 prime?
False
Is 91796393389 composite?
False
Is 4925704033 a composite number?
False
Is 19608879317 prime?
True
Is 2684704301 a prime number?
True
Is 61416766119 a prime number?
False
Is 16061695313 a prime number?
True
Is 1078683059 a composite number?
False
Is 368484107 a prime number?
False
Is 20867694353 composite?
True
Is 685476973 composite?
True
Is 414722107 composite?
False
Is 2726230657 composite?
False
Is 2889936493 a prime number?
True
Is 821727817 composite?
True
Is 92848439051 prime?
True
Is 42157013 a composite number?
False
Is 15643229293 prime?
False
Is 1586555053 a composite number?
True
Is 128803365533 prime?
False
Is 6368556239 composite?
False
Is 2587141351 prime?
False
Is 1141219 prime?
True
Is 6260783197 prime?
False
Is 4166223469 a composite number?
False
Is 84883839737 a prime number?
True
Is 105242999 composite?
True
Is 576271289 a composite number?
True
Is 1017468289 a prime number?
True
Is 4200249397 composite?
True
Is 3774901259 a composite number?
True
Is 60446248591 a prime number?
False
Is 7927690843 composite?
True
Is 266233229 prime?
True
Is 25968204893 a composite number?
True
Is 511481209 a composite number?
True
Is 66587041 prime?
False
Is 12091645249 a composite number?
False
Is 18289421443 composite?
True
Is 10602325883 a composite number?
True
Is 685916437 prime?
True
Is 5255156449 prime?
False
Is 481776493 prime?
False
Is 440781827 prime?
False
Is 188936087 composite?
False
Is 58967022813 a composite number?
True
Is 74384019559 a composite number?
True
Is 2697003559 prime?
False
Is 8201052329 a composite number?
False
Is 4410353879 composite?
False
Is 52353084409 prime?
False
Is 47560109999 prime?
True
Is 174966238333 composite?
False
Is 61526909719 a prime number?
False
Is 8912495899 a composite number?
False
Is 37902755477 a prime number?
True
Is 3132483709 composite?
False
Is 3100681157 composite?
True
Is 103828281 a prime number?
False
Is 258573011 prime?
False
Is 1636454273 a composite number?
False
Is 6050730067 prime?
False
Is 497074118203 prime?
False
Is 3605420873 a composite number?
False
Is 167112460681 prime?
False
Is 184172917 a composite number?
True
Is 4013243747 prime?
True
Is 993747803 composite?
False
Is 1514825677 a composite number?
False
Is 403186057 prime?
True
Is 15639622903 prime?
True
Is 3441606065 a prime number?
False
Is 4151609381 composite?
True
Is 6799519159 a composite number?
True
Is 12430151687 composite?
False
Is 628580791 composite?
True
Is 5426151911 prime?
False
Is 622753944259 a prime number?
True
Is 24853894495 a prime number?
False
Is 10074756383 prime?
True
Is 1574444743 a prime number?
True
Is 295717139 prime?
True
Is 84444881 a prime number?
True
Is 2885665463 prime?
True
Is 80887161947 composite?
False
Is 5468092529 prime?
True
Is 1393984271 composite?
True
Is 271552121 a composite number?
True
Is 12039610081 prime?
False
Is 7720587463 a composite number?
False
Is 66028387729 composite?
True
Is 812406347 prime?
True
Is 44200713409 a composite number?
False
Is 28757442709 prime?
False
Is 2786129179 prime?
True
Is 1975862579 a composite number?
False
Is 2173470881 a prime number?
True
Is 3038731513 a composite number?
True
Is 367971017257 a prime number?
False
Is 2789547703 a prime number?
False
Is 1294492967 a composite number?
True
Is 15659756059 a composite number?
False
Is 3651474521 a composite number?
True
Is 9180196169 a composite number?
False
Is 5952284801 prime?
True
Is 11160811 prime?
True
Is 178782622163 a composite number?
False
Is 13265423879 composite?
False
Is 2908225031 a prime number?
True
Is 5825762429 a composite number?
True
Is 16487304133 prime?
True
Is 1162188395 composite?
True
Is 4117895959 composite?
False
Is 35187336869 composite?
True
Is 2207834593 a prime number?
True
Is 624924511 prime?
True
Is 556227481 composite?
True
Is 664831798 a composite number?
True
Is 4344119833 prime?
False
Is 15592383407 a composite number?
False
Is 2021482909 a prime number?
False
Is 226519059583 prime?
False
Is 22588463483 composite?
True
Is 13868003921 a prime number?
True
Is 486806007877 a prime number?
False
Is 36757642 a prime number?
False
Is 8453172859 composite?
False
Is 2006217019 a prime number?
True
Is 146087153 prime?
True
Is 16612908979 composite?
False
Is 209557937 a prime number?
True
Is 151111661 a composite number?
False
Is 7712631163 a prime number?
False
Is 16060366337 a prime number?
True
Is 2167626823 a composite number?
True
Is 15382244923 composite?
True
Is 43615299067 a prime number?
True
Is 3830154329 a composite number?
True
Is 468308189 a composite number?
True
Is 62840155567 composite?
True
Is 1345041517 a prime number?
True
Is 1399584929 composite?
True
Is 948438677 a composite number?
True
Is 3